 o(z) = -z**3 + 12*z**2 - z - 2. Let t be o(m). Let p = t + -88. What is the hundreds digit of p?
1
Suppose -2*w + h + 11112 = 0, 5*w - 5*h - 15404 = 12371. What is the units digit of w?
7
Suppose 17*i - 304948 = -41*i + 540750. What is the units digit of i?
1
Suppose -3*i + 5*i - 14 = 0. Let r(w) = -17*w - 12. Let f be r(i). What is the tens digit of (f/5)/((-34)/170)?
3
Let p(g) = -543*g - 104. What is the tens digit of p(-117)?
2
Let i = -1318 + 1959. What is the hundreds digit of i?
6
Let u(g) = -2*g**3 + 10*g - 14. Let y(z) = z**3 + z**2 - 9*z + 14. Let a(s) = -2*u(s) - 3*y(s). Let c be a(6). Suppose 2 + c = 3*j. What is the tens digit of j?
4
Suppose 0 = -2*f + 6*f - 260. Suppose 4*k + 339 + f = 0. Let h = -57 - k. What is the units digit of h?
4
Let y be (-9)/(-12) - 18/24. Suppose 8*l - 7*l - 178 = y. What is the hundreds digit of l?
1
Let g(p) = -p**3 + 20*p**2 + 25*p + 49. Let h be (30 - 19) + 3/(-1). Suppose 3*f - 96 = -5*t, -41 + h = -2*t - 3*f. What is the tens digit of g(t)?
3
Suppose -8*u - 3*q + 15985 = -4*u, -u - 2*q = -3990. What is the hundreds digit of u/8 + 0 + 2/1?
5
Suppose 894*s - 898*s = -672. What is the hundreds digit of 74328/s - (0 + 9/21)?
4
Let b be 23/92 + (-19)/(-4). Suppose -15 = -b*v, 8*v - 3*v = 4*z - 985. What is the units digit of z?
0
Let p be -369*10/15*(-2)/6. Let y be (1 - 18)/(2/(-6)). Let a = p - y. What is the units digit of a?
1
Let p(h) = -28*h - 564. What is the hundreds digit of p(-91)?
9
Let d = 31656 - 18005. What is the ten thousands digit of d?
1
Suppose 89*r - 134*r + 250830 = 0. What is the thousands digit of r?
5
Let t(s) = 6*s**3 - 69*s**2 - 29*s + 122. What is the units digit of t(19)?
6
Let u(b) = -2*b**2 + 2*b - 1. Let a(c) = 181*c**2 + 5*c - 8. Let j(k) = a(k) - 4*u(k). What is the units digit of j(-2)?
8
Let p(r) = -284*r**2 - 3*r - 1. Let j be p(-1). Let i = 355 + j. What is the tens digit of i?
7
Let p(c) = 23*c - 59 + 30 + 28 + 23*c. What is the tens digit of p(18)?
2
Let k = 793 + 902. Suppose 6*q - q = k. What is the tens digit of q?
3
Let i be (-1)/(((-23)/575)/(4/10)). Suppose 2089 = i*a - 931. What is the units digit of a?
2
Suppose 0 = 280*r - 332*r + 147992. What is the units digit of r?
6
Suppose 8*c = 15*c - 56. Let k(o) = -20 - 2*o + c + 88*o**3 + 15. What is the tens digit of k(1)?
8
Let a be 3/1 + (-9 - -159)/(-2). Let r = 28 - a. What is the units digit of r?
0
Let q(c) = -2*c**3 + c**2 + c. Let f(j) = 7*j**3 - 23*j**2 - 5*j + 28. Let a(s) = f(s) + 5*q(s). What is the units digit of a(-8)?
2
Let u(p) = p**2 - 17*p + 13. Let f be u(11). Let w = -62 - f. What is the units digit of 2/(-9) - 515/w?
7
Let l(g) = 8*g + 70. Let v be l(-8). Let a be 0*(15/6 + -2). What is the units digit of 2*(171/v - (3 + a))?
1
Let m be (-104226)/(-42) + 55/(-35) + 1. Suppose -9*p = -1362 - m. What is the units digit of p?
7
Let x be (-1)/(5/15) + 5. Let g be (23/x)/(11/22). Suppose 16*b = g*b - 63. What is the units digit of b?
9
Suppose 5076 - 51876 = -24*d. Suppose -18*c - d = -23*c. What is the units digit of c?
0
Suppose 4*h = -5*m - 47, 46 = -0*h - 5*h - 2*m. What is the hundreds digit of (-2)/(h/12) + 618?
6
Let i(w) = 3*w**3 + 2*w**2 + 3*w + 12. Let r be (2 + 0)/(76/(-16) + 5). Let x be i(r). What is the units digit of (x/6)/5 - (-6)/(-9)?
6
Suppose -3*l = -3113 - 3877. Suppose 368 - l = -6*p. What is the hundreds digit of p?
3
Suppose -h - 3*q = -2684 + 497, -3*q = -2*h + 4419. Suppose -3*w = -3*n + h, 3*n = 5*w + 933 + 1277. What is the hundreds digit of n?
7
Suppose -84*p + 1 = -85*p. Let h be p - -3 - (-24)/2. Suppose -8*q = -h*q + 54. What is the units digit of q?
9
Suppose -3*j - 2*y + 6 = 0, 3*j + 7*y = 3*y. Suppose 0 = 5*s - h - 4814, 2*s = j*h + 1123 + 799. What is the tens digit of s?
6
Let h(s) be the second derivative of -s**5/20 - 19*s**4/12 + 3*s**3 - 2*s**2 + 16*s. Let q be h(-20). What is the tens digit of (q/(-90))/(2/(-650))?
3
What is the ten thousands digit of -1 + -5 + (-497602)/(-2)*1/7?
3
Suppose 180004 = 3*b + 5*n, -424598 + 124674 = -5*b + 2*n. What is the ten thousands digit of b?
5
Let i(a) = -9*a**3 - 268*a**2 - 25*a - 23. What is the units digit of i(-30)?
7
Let s = -644 + 663. Suppose 0 = -28*h + s*h + 2196. What is the tens digit of h?
4
Suppose -251*s - 1028499 = -3667995 - 1049702. What is the thousands digit of s?
4
Suppose 5908 = 11*n - 20822. What is the units digit of n?
0
Let k = 62 - 62. Suppose -3*x - 2*v + 3889 = k, -5*x + 3*v + 6490 = -2*v. Suppose 6*u - x - 107 = 0. What is the tens digit of u?
3
Suppose 3*a = 78 + 756. Let w = a - 178. Let s = -98 + w. What is the units digit of s?
2
Let p = 150 - 83. Let o = p - 64. What is the tens digit of (-42)/(o + (-21)/6)?
8
Let p(i) = -116*i - 1. Let y be p(4). Let s = y - -258. Let a = -144 - s. What is the tens digit of a?
6
Let i = 79 - 42. Suppose y - 36 + i = 0. What is the units digit of 29/5 - y/5?
6
Let q be (8 + -2)/(-6)*0. Let n(r) = 3*r**2 + 5*r + 683. What is the units digit of n(q)?
3
Let o = 0 - -2. Suppose 0 = -g - u, 2*u = 5*g + 3*u - 12. What is the units digit of o - (-99)/g - (-4)/(-4)?
4
Suppose 2*w = 88 + 38. Suppose -5*t - 3*y = -43, -2*t + 4*y = 3*t - 36. Let x = w + t. What is the tens digit of x?
7
Suppose -4*i + 185 = v, 4*i - 160 = -v + 5*v. Suppose -31*r + 4*b - 29 = -32*r, -2*b - 18 = -2*r. Let p = r + i. What is the tens digit of p?
5
Let v = -1433 + 997. Let h = 803 - v. What is the tens digit of h?
3
Let z = 21820 - 3111. What is the hundreds digit of z?
7
What is the thousands digit of 1 + -8 + 1 - (-5077 + 366) - 5?
4
Let n = 206888 - 146618. What is the units digit of n?
0
What is the units digit of 3/(-7)*-62147 + (-12)/(-21)?
5
Let u(g) = 62*g + 2239. What is the units digit of u(114)?
7
Suppose -q + 5*g - 34 - 19 = 0, 2*g = 4*q + 194. Let o be (q/(-10))/(-7*2/(-1890)). Suppose 0 = 6*t - 0*t - o. What is the hundreds digit of t?
1
Let p be 5*(20/25 + -2). What is the hundreds digit of 294 + (-2 - 0) - p?
2
Let m(k) = 4*k**3 - 6*k**2 - 4. Let v be m(2). Suppose -p - v = 0, 1084 = 2*i - 5*p + p. What is the tens digit of i?
3
Suppose -5*f - 4*m - 5 = 1, -m - 8 = -2*f. Suppose z - 3*i = f*z - 13, -2*z = -4*i + 4. Suppose z*j = 5*j - 13. What is the tens digit of j?
1
Let j(n) = -2*n**2 + 6*n - 1. Let f be j(2). Let w be f - 3475/(-3 - 2). Suppose 6*g = w + 484. What is the tens digit of g?
9
Let k = 12184 - -434. What is the ten thousands digit of k?
1
Suppose -5*v - 3 - 47 = 0. What is the hundreds digit of -23*(-4)/(-8)*v?
1
Let s = -71 + 74. Suppose 15 = 5*l, -s*a + a + 2123 = l. What is the tens digit of 4 + 34/(-9) - a/(-9)?
1
Let i be 0 + (1 - -5) + -6. Suppose 204 = p + 3*c, c + i*c = 5*p - 1020. What is the units digit of p?
4
Let q(i) = -i**2 - 19*i - 4. Let d be q(-19). Let w be 0 + (-3042)/(-12) + 2/d. Let t = w - 47. What is the hundreds digit of t?
2
Let h be ((-9)/((-189)/7))/((-1)/1371). What is the hundreds digit of h*15/(120/(-16))?
9
Suppose 93*z - 143902 = -9*z - 9466. What is the tens digit of z?
1
Suppose -5*m + 4*o = 42183 - 118784, -2*o = -4*m + 61276. What is the hundreds digit of m?
3
Suppose -3*o - 326 = 4*p, p + 2*o + 3*o + 73 = 0. Let b = p + 78. Let f(i) = i**3 + 8*i**2 + 7*i + 1. What is the tens digit of f(b)?
4
Let w = -4407 - -944. Let y = -2397 - w. What is the units digit of y?
6
Let q(y) = 456*y**2 - 52*y + 224. What is the thousands digit of q(4)?
7
Suppose 0 = 2*q + 132. What is the hundreds digit of (q/(-8))/((-2019)/(-252) + -8)?
6
Suppose 45*a = 229*a - 1253224. What is the units digit of a?
1
Let f(w) = 118*w**2 + 7*w + 14. Let h be f(-3). Suppose 0 = 2*m - h + 335. What is the hundreds digit of m?
3
Suppose -4*o = -8*o - 2*o. Suppose q - 8*q + 3689 = o. What is the tens digit of q?
2
Let d(g) = g**2 - 9*g - 27. Suppose o - 15 = -j, -5*j + 3*o + 35 = -3*j. Let u be d(j). What is the tens digit of (-1 - u/2)*(-2 - 0)?
8
Suppose -6*m - 33*o + 32*o + 95213 = 0, -2*m - 3*o = -31719. What is the hundreds digit of m?
8
Let v = 4250 + -2200. What is the units digit of v?
0
Let p(z) = 19*z - 3. Let t(c) = -20*c + 4. Let a(b) = 5*p(b) + 4*t(b). Suppose -2 = g - 7. What is the units digit of a(g)?
6
Let x = 946 + -419. Let q = -362 + x. What is the tens digit of q?
6
What is the thousands digit of (-8 - (0 - 14)) + 0 + 8320?
8
